0 - 9*x - 3 + 7*x - 1. Let a be p(-6). Suppose -84 = -3*n + 3*t, -n - 3*t + a*t = -32. What is the remainder when n is divided by 14?
13
Let q(o) = 3*o**2 + 19*o - 8. What is the remainder when 9 is divided by q(-7)?
3
Suppose 0 = 2*o - 8*o + 66. Let p = 3 + -2. Suppose -p = -2*z + 7. What is the remainder when o is divided by z?
3
Suppose 8 = 5*z - 2. Suppose -4*u = 3*o - 28, -5*u = z*o - 4*o - 35. Let b = 56729 - 56725. Calculate the remainder when u is divided by b.
3
Let v(h) = h**3 + 8*h**2 + 7*h + 2. Suppose -10 = 2*m + 2*x, 5*m + 4*x = x - 29. Let n be v(m). Calculate the remainder when 8 is divided by -1*(n + -4 + -3).
3
Suppose -3*v = 2*o - 6*v - 754, -758 = -2*o + v. What is the remainder when o is divided by 64?
60
Let y(j) = 5*j**2 + 6*j + 1. Let m(v) = -6*v**2 - 7*v - 2. Let a(i) = 2*m(i) + 3*y(i). Calculate the remainder when 25 is divided by a(-3).
11
Let z = -13 - -5. Let r(j) = 25*j - 139. Calculate the remainder when 2/z + 146/8 is divided by r(6).
7
Let z be 1*7*13/13. Suppose -4*h - z + 3 = -4*b, -3*b + 13 = -h. Calculate the remainder when 46 is divided by b.
4
Let b = 177 + -50. What is the remainder when b is divided by (32/(-6))/((-6)/36)?
31
Suppose 3*j - v - 1038 - 348 = 0, 0 = -5*j - 4*v + 2310. Calculate the remainder when j is divided by 25.
12
Let z(n) = 10*n**2 - 2*n + 5. What is the remainder when z(3) is divided by 13?
11
Suppose 34 + 2 = 3*r. Suppose 4*l + 5*w = 20, 0 = 5*w - w. Suppose 0 = -2*u - 4*i + 6, l*u + i - 4*i = 41. What is the remainder when r is divided by u?
5
Let g be (-5 - (6 - 10))*(1 - -80). Let f = g + 85. What is the remainder when 9 is divided by f?
1
Let v = 71 - 53. Suppose 2*c + 3*r = -64 + 5, -5*r - 25 = 0. Let y = c - -29. Calculate the remainder when v is divided by y.
4
What is the remainder when 116 is divided by 27 + -19 + (-2)/(-2)?
8
Suppose 5*l - 29 = -2*s - s, -2*s = 3*l - 21. Let a(h) = 2*h + 31. Calculate the remainder when a(19) is divided by s.
15
Let c(l) = l**3 - 3*l**2 + l - 5. Let f = -5 - -47. What is the remainder when f is divided by c(4)?
12
Let z = 472 + -365. Calculate the remainder when z is divided by 35.
2
Let k(v) = 3*v**2 + 16*v + 19. Calculate the remainder when k(-11) is divided by 15.
11
Let g(p) = 15*p + 5. Let t be g(1). What is the remainder when (t/(-8) + 4)*26 is divided by (16/2 - -2)/1?
9
Let o = -1582 + 1619. Calculate the remainder when 322 is divided by o.
26
What is the remainder when 1221 is divided by (-6*4/20)/(7/(-420))?
69
Let c(v) = -v**3 - 2*v**2 + 6*v + 2. Let w be ((-6)/15*5)/(1/2). What is the remainder when 43 is divided by c(w)?
3
Let b be ((-12)/10)/(7/(-70)). Let u be (-3)/b*0 + 10. Suppose u*q = 8*q + 124. What is the remainder when q is divided by 13?
10
Let o(j) = -12*j - 105. Let x = 34 + -16. What is the remainder when o(-16) is divided by x?
15
Suppose -160 = 29*a - 37*a. Let r(v) = 2*v**2 + 11*v - 4. What is the remainder when r(-9) is divided by a?
19
Calculate the remainder when 620 is divided by 20/4 + 6/(30/235).
48
Suppose -4*f + m = 5, -5 = 3*f - 3*m + 1. Let a be (f/(-2)*0)/(-3). Suppose a = -4*o + o + 18. What is the remainder when 16 is divided by o?
4
Let z be (-3)/1 + 3 - (5 + -7). Suppose -6*t = -z*t - 144. Calculate the remainder when 69 is divided by t.
33
Let p(s) = 2*s**2 - 7*s + 1. Let q = 76 - 62. What is the remainder when 1698/q + (0 - 16/56) is divided by p(6)?
28
Let i(x) = 15*x**2 + 21*x + 19. Let h(p) = -7*p**2 - 11*p - 9. Let k(c) = -5*h(c) - 2*i(c). What is the remainder when k(-5) is divided by 23?
21
Let u = -1410 + 1434. Calculate the remainder when 374 is divided by u.
14
Suppose -70 = -5*g + 50. Calculate the remainder when g is divided by 17.
7
Let r = -614 - -634. Calculate the remainder when 167 is divided by r.
7
Suppose f + 5 = 5*h - f, 0 = 3*h + 2*f - 3. Suppose 0 = 2*w - 201 + 145. What is the remainder when h*(-2 + 113) - 2 is divided by w?
25
Suppose -4*p + 4*g + 24 = 0, 2*p - 4 = -2*g - 0*g. Suppose 2*n + 2*y = -0*n + 58, -117 = -p*n - 3*y. Calculate the remainder when 57 is divided by n.
27
Suppose -2*a - 346 = -7*a - r, 3*a - 218 = 2*r. Calculate the remainder when a is divided by 29.
12
Suppose -o - 5*j - 4 = 0, -3*o - 30 = -4*j + 1. Let f = o + 29. Calculate the remainder when 52 is divided by f.
12
Suppose 3*z = 1 + 23. Calculate the remainder when 58 - z*2/(-4) is divided by 9.
8
Let d = 676 - 389. What is the remainder when d is divided by 36?
35
Suppose -2*k + 1 + 3 = 0. Suppose -3*b + 85 = k*b. Suppose 0 = -2*l + b + 27. Calculate the remainder when l is divided by 12.
10
Let l(u) = 8*u - 6. Calculate the remainder when 161 - (31 - 29)*1/(-2) is divided by l(6).
36
Let x be 1/(-2) + 250/(-4). Let w be 680/38 + (-6)/(-57). What is the remainder when 17 is divided by (-14)/x - (-176)/w?
7
Let c(g) = g**2 - 4*g + 4. Let u be c(3). Suppose -f = u - 23. What is the remainder when 86 is divided by f?
20
Suppose -2*s - 88 = -5*o, 2*s - 12 = 5*s. Calculate the remainder when 43 is divided by o.
11
Let c(y) = y**3 - 4*y**2 + y. Let n be c(5). Suppose -2*s + 15 = -13. What is the remainder when 8/10*(n + 20) is divided by s?
12
Let i(n) = 4*n + 5. Let z be 165*((-3)/9)/(-1). Let u = z - 20. Calculate the remainder when u is divided by i(1).
8
Let g(b) = -b**2 - 26*b + 4. What is the remainder when 133 is divided by g(-26)?
1
Suppose 2*t + 3*t - 40 = 0. Let r be -3*(3 - (-21)/(-9)). Calculate the remainder when -2*(23/r - 3) is divided by t.
5
Suppose 4*w + 94 = a, 5*a - w - 2*w - 504 = 0. Suppose 2*p + a = 5*p. Calculate the remainder when p is divided by 18.
16
Let w(v) = -16*v - 49. Let i be w(-5). Let k = -27 + i. What is the remainder when k is divided by 1?
0
Let g(q) = -2*q**2 + 35*q + 25. Calculate the remainder when 171 is divided by g(18).
3
Let h(a) = 7*a - 12. Suppose -t - t = -96. Let n be 1/4 + 228/t. What is the remainder when 90 is divided by h(n)?
21
Let b(y) = -2*y - 2. Let x be b(-4). Suppose 5 + x = j. Calculate the remainder when j is divided by -12 + 46/4 + (-14)/(-4).
2
Calculate the remainder when (-22)/(-33) - 148/(-3) is divided by 488/183*((-43)/(-4) + -1).
24
Let m = 905 + -735. Calculate the remainder when m is divided by 69.
32
Let l = 58 + 19. Let q(o) = 3*o**3 - 22*o**2 - 18*o + 36. Calculate the remainder when l is divided by q(8).
17
Suppose 10*t + 722 = 29*t. What is the remainder when t is divided by 22?
16
Let u(w) = -w**3 + 24*w**2 - 127*w - 37. Calculate the remainder when 343 is divided by u(15).
11
Suppose -4*u = -3*u + 5*u. Suppose p = -2*c - 0*p + 41, 3*c + 4*p - 54 = u. What is the remainder when c is divided by 8?
6
What is the remainder when -4 - (-10)/5 - -200 is divided by 25?
23
Let k(q) = 9*q - 113. What is the remainder when k(18) is divided by 102/10 + (-1)/5?
9
Let v be ((-9)/(-2))/((-6)/(-8)). Suppose -2*m - 4*a + 26 = -v, 0 = -2*m + 2*a + 2. What is the remainder when m is divided by 4?
2
Let k be (-304)/(-40)*(-10)/(-4). What is the remainder when (-574)/(-12) + k/114 is divided by 13?
9
Suppose -v = -4*q - 4*v + 569, 0 = -v - 1. Calculate the remainder when q is divided by 6.
5
Let u be ((-87)/6 - 1)/((-2)/8). Suppose -80 = -z - u. Calculate the remainder when 35 is divided by z.
17
Suppose -22*h + 1333 = 36*h - 697. Suppose 2*a - 3*j - 117 = 0, 4*j = -5*a + 2*j + 340. Calculate the remainder when a is divided by h.
31
Let j(z) = z**2 + 14*z - 1936. Suppose 5*c + 105 = 5*v, -4*v - 5*c + 126 - 42 = 0. Calculate the remainder when j(-52) is divided by v.
19
Let b be (-21 + 25)*2/(-8). Let p(h) = -19*h - 1. Calculate the remainder when 88 is divided by p(b).
16
Let q(n) = 19*n - 2. Let x(d) = -2*d**2 + 18*d + 1. Let r be x(9). What is the remainder when q(r) is divided by 9?
8
Let r(c) be the third derivative of c**6/120 - 7*c**5/60 + c**4/2 - 13*c**3/6 + 19*c**2. What is the remainder when 114 is divided by r(6)?
22
Let v(r) = -2 + 7*r - 3*r**2 - 3*r**2 + 5*r**2 - 4. Let i be v(4). Let a(k) = k**2 - 4*k - 8. What is the remainder when 6 is divided by a(i)?
2
Let v(d) be the first derivative of -3*d**2/2 - 11*d - 9. Let x be v(-8). Suppose 5*o = 27 + x. What is the remainder when 21 is divided by o?
5
Let o(x) = x**3 - x**2 + 2*x + 38. Calculate the remainder when (-5727)/(-39) - 4/(-26) - -2 is divided by o(0).
35
Suppose -6 = 